{"id":2212,"date":"2020-11-27T06:53:00","date_gmt":"2020-11-27T04:53:00","guid":{"rendered":"https:\/\/www.wurzel-ranch.de\/wrhome\/?post_type=product&#038;p=2212"},"modified":"2024-10-10T10:17:12","modified_gmt":"2024-10-10T08:17:12","slug":"polo-t-shirt-damen","status":"publish","type":"product","link":"https:\/\/www.wurzel-ranch.de\/wrhome\/zurueck-zum-shop\/polo-t-shirt-damen\/","title":{"rendered":"Polo T-Shirt Damen pink"},"content":{"rendered":"<p><span style=\"font-family: helvetica, arial, sans-serif;\">Das Logo-Poloshirt ist der perfekte Begleiter auf dem Hof. Das Poloshirt ist aus hautsympathischer angenehmer einlaufvorbehandelter Baumwolle. <\/span><\/p>\n<p><span style=\"font-family: helvetica, arial, sans-serif;\">Durch das Wurzel-Ranch Logo vorne auf der Brust links in klein und am R\u00fccken mittig gro\u00df sieht man auch sofort, dass du mit zur Wurzel-Ranch Crew geh\u00f6rst!\u00a0<\/span><\/p>\n<ul>\n<li><span style=\"font-family: helvetica, arial, sans-serif;\">100% einlaufvorbehandelte gek\u00e4mmte Ringspun-Baumwolle<\/span><\/li>\n<li><span style=\"font-family: helvetica, arial, sans-serif;\">Kragen und \u00c4rmelbund in 1&#215;1 Ripp-Strick<\/span><\/li>\n<li><span style=\"font-family: helvetica, arial, sans-serif;\">Mit Futterstoff verst\u00e4rkte Knopfleiste mit f\u00fcnf Kn\u00f6pfen<\/span><\/li>\n<li><span style=\"font-family: helvetica, arial, sans-serif;\">Farblich abgestimmte Kn\u00f6pfe, <\/span><span style=\"font-family: helvetica, arial, sans-serif;\">Seitenn\u00e4hte und <\/span><span style=\"font-family: helvetica, arial, sans-serif;\">Nackenband<\/span><\/li>\n<li><span style=\"font-family: helvetica, arial, sans-serif;\">B&amp;C Collection ist Mitglied der Fair Wear Foundation<\/span><\/li>\n<li><span style=\"font-family: helvetica, arial, sans-serif;\">Materialzusammensetzung 100% Baumwolle<\/span><\/li>\n<li><span style=\"font-family: helvetica, arial, sans-serif;\">Material: Piqu\u00e9<\/span><\/li>\n<li><span style=\"font-family: helvetica, arial, sans-serif;\">40 \u00b0C waschbar<\/span><\/li>\n<li><span style=\"font-family: helvetica, arial, sans-serif;\">Trockner geeignet<\/span><\/li>\n<li><span style=\"font-family: helvetica, arial, sans-serif;\">B\u00fcgeln erlaubt<\/span><\/li>\n<\/ul>\n","protected":false},"excerpt":{"rendered":"<p><span style=\"font-family: helvetica, arial, sans-serif;\">Das Logo-Poloshirt ist der perfekte Begleiter auf dem Hof. Das Poloshirt ist aus hautsympathischer angenehmer einlaufvorbehandelter Baumwolle. <\/span><\/p>\n<p><span style=\"font-family: helvetica, arial, sans-serif;\">Durch das Wurzel-Ranch Logo vorne auf der Brust links in klein und am R\u00fccken mittig gro\u00df sieht man auch sofort, dass du mit zur Wurzel-Ranch Crew geh\u00f6rst!\u00a0<\/span><\/p>\n","protected":false},"featured_media":2472,"comment_status":"open","ping_status":"closed","template":"","meta":[],"product_brand":[],"product_cat":[77,68],"product_tag":[],"class_list":{"0":"post-2212","1":"product","2":"type-product","3":"status-publish","4":"has-post-thumbnail","6":"product_cat-shop-startseite-feature","7":"product_cat-damen","9":"first","10":"instock","11":"taxable","12":"shipping-taxable","13":"purchasable","14":"product-type-variable"},"yoast_head":"<!-- This site is optimized with the Yoast SEO plugin v26.8 - https:\/\/yoast.com\/product\/yoast-seo-wordpress\/ -->\n<title>Polo T-Shirt Damen pink - Wurzel-Ranch<\/title>\n<meta name=\"robots\" content=\"index, follow, max-snippet:-1, max-image-preview:large, max-video-preview:-1\" \/>\n<link rel=\"canonical\" href=\"https:\/\/www.wurzel-ranch.de\/wrhome\/zurueck-zum-shop\/polo-t-shirt-damen\/\" \/>\n<meta property=\"og:locale\" content=\"de_DE\" \/>\n<meta property=\"og:type\" content=\"article\" \/>\n<meta property=\"og:title\" content=\"Polo T-Shirt Damen pink - Wurzel-Ranch\" \/>\n<meta property=\"og:description\" content=\"Das Logo-Poloshirt ist der perfekte Begleiter auf dem Hof. Das Poloshirt ist aus hautsympathischer angenehmer einlaufvorbehandelter Baumwolle.   Durch das Wurzel-Ranch Logo vorne auf der Brust links in klein und am R\u00fccken mittig gro\u00df sieht man auch sofort, dass du mit zur Wurzel-Ranch Crew geh\u00f6rst!\u00a0\" \/>\n<meta property=\"og:url\" content=\"https:\/\/www.wurzel-ranch.de\/wrhome\/zurueck-zum-shop\/polo-t-shirt-damen\/\" \/>\n<meta property=\"og:site_name\" content=\"Wurzel-Ranch\" \/>\n<meta property=\"article:modified_time\" content=\"2024-10-10T08:17:12+00:00\" \/>\n<meta property=\"og:image\" content=\"https:\/\/www.wurzel-ranch.de\/wrhome\/wp-content\/uploads\/Polo_Damen_pink_Front_b.jpg\" \/>\n\t<meta property=\"og:image:width\" content=\"836\" \/>\n\t<meta property=\"og:image:height\" content=\"1024\" \/>\n\t<meta property=\"og:image:type\" content=\"image\/jpeg\" \/>\n<meta name=\"twitter:card\" content=\"summary_large_image\" \/>\n<script type=\"application\/ld+json\" class=\"yoast-schema-graph\">{\"@context\":\"https:\/\/schema.org\",\"@graph\":[{\"@type\":\"WebPage\",\"@id\":\"https:\/\/www.wurzel-ranch.de\/wrhome\/zurueck-zum-shop\/polo-t-shirt-damen\/\",\"url\":\"https:\/\/www.wurzel-ranch.de\/wrhome\/zurueck-zum-shop\/polo-t-shirt-damen\/\",\"name\":\"Polo T-Shirt Damen pink - Wurzel-Ranch\",\"isPartOf\":{\"@id\":\"https:\/\/www.wurzel-ranch.de\/wrhome\/#website\"},\"primaryImageOfPage\":{\"@id\":\"https:\/\/www.wurzel-ranch.de\/wrhome\/zurueck-zum-shop\/polo-t-shirt-damen\/#primaryimage\"},\"image\":{\"@id\":\"https:\/\/www.wurzel-ranch.de\/wrhome\/zurueck-zum-shop\/polo-t-shirt-damen\/#primaryimage\"},\"thumbnailUrl\":\"https:\/\/www.wurzel-ranch.de\/wrhome\/wp-content\/uploads\/Polo_Damen_pink_Front_b.jpg\",\"datePublished\":\"2020-11-27T04:53:00+00:00\",\"dateModified\":\"2024-10-10T08:17:12+00:00\",\"breadcrumb\":{\"@id\":\"https:\/\/www.wurzel-ranch.de\/wrhome\/zurueck-zum-shop\/polo-t-shirt-damen\/#breadcrumb\"},\"inLanguage\":\"de\",\"potentialAction\":[{\"@type\":\"ReadAction\",\"target\":[\"https:\/\/www.wurzel-ranch.de\/wrhome\/zurueck-zum-shop\/polo-t-shirt-damen\/\"]}]},{\"@type\":\"ImageObject\",\"inLanguage\":\"de\",\"@id\":\"https:\/\/www.wurzel-ranch.de\/wrhome\/zurueck-zum-shop\/polo-t-shirt-damen\/#primaryimage\",\"url\":\"https:\/\/www.wurzel-ranch.de\/wrhome\/wp-content\/uploads\/Polo_Damen_pink_Front_b.jpg\",\"contentUrl\":\"https:\/\/www.wurzel-ranch.de\/wrhome\/wp-content\/uploads\/Polo_Damen_pink_Front_b.jpg\",\"width\":836,\"height\":1024},{\"@type\":\"BreadcrumbList\",\"@id\":\"https:\/\/www.wurzel-ranch.de\/wrhome\/zurueck-zum-shop\/polo-t-shirt-damen\/#breadcrumb\",\"itemListElement\":[{\"@type\":\"ListItem\",\"position\":1,\"name\":\"Startseite\",\"item\":\"https:\/\/www.wurzel-ranch.de\/wrhome\/\"},{\"@type\":\"ListItem\",\"position\":2,\"name\":\"Zur\u00fcck zum Shop\",\"item\":\"https:\/\/www.wurzel-ranch.de\/wrhome\/zurueck-zum-shop\/\"},{\"@type\":\"ListItem\",\"position\":3,\"name\":\"Polo T-Shirt Damen pink\"}]},{\"@type\":\"WebSite\",\"@id\":\"https:\/\/www.wurzel-ranch.de\/wrhome\/#website\",\"url\":\"https:\/\/www.wurzel-ranch.de\/wrhome\/\",\"name\":\"Wurzel-Ranch\",\"description\":\"\",\"publisher\":{\"@id\":\"https:\/\/www.wurzel-ranch.de\/wrhome\/#organization\"},\"potentialAction\":[{\"@type\":\"SearchAction\",\"target\":{\"@type\":\"EntryPoint\",\"urlTemplate\":\"https:\/\/www.wurzel-ranch.de\/wrhome\/?s={search_term_string}\"},\"query-input\":{\"@type\":\"PropertyValueSpecification\",\"valueRequired\":true,\"valueName\":\"search_term_string\"}}],\"inLanguage\":\"de\"},{\"@type\":\"Organization\",\"@id\":\"https:\/\/www.wurzel-ranch.de\/wrhome\/#organization\",\"name\":\"Wurzel-Ranch\",\"url\":\"https:\/\/www.wurzel-ranch.de\/wrhome\/\",\"logo\":{\"@type\":\"ImageObject\",\"inLanguage\":\"de\",\"@id\":\"https:\/\/www.wurzel-ranch.de\/wrhome\/#\/schema\/logo\/image\/\",\"url\":\"https:\/\/www.wurzel-ranch.de\/wrhome\/wp-content\/uploads\/WurzelRanch.png\",\"contentUrl\":\"https:\/\/www.wurzel-ranch.de\/wrhome\/wp-content\/uploads\/WurzelRanch.png\",\"width\":332,\"height\":376,\"caption\":\"Wurzel-Ranch\"},\"image\":{\"@id\":\"https:\/\/www.wurzel-ranch.de\/wrhome\/#\/schema\/logo\/image\/\"},\"sameAs\":[\"https:\/\/www.instagram.com\/wurzelranch\"]}]}<\/script>\n<!-- \/ Yoast SEO plugin. -->","yoast_head_json":{"title":"Polo T-Shirt Damen pink - Wurzel-Ranch","robots":{"index":"index","follow":"follow","max-snippet":"max-snippet:-1","max-image-preview":"max-image-preview:large","max-video-preview":"max-video-preview:-1"},"canonical":"https:\/\/www.wurzel-ranch.de\/wrhome\/zurueck-zum-shop\/polo-t-shirt-damen\/","og_locale":"de_DE","og_type":"article","og_title":"Polo T-Shirt Damen pink - Wurzel-Ranch","og_description":"Das Logo-Poloshirt ist der perfekte Begleiter auf dem Hof. Das Poloshirt ist aus hautsympathischer angenehmer einlaufvorbehandelter Baumwolle.   Durch das Wurzel-Ranch Logo vorne auf der Brust links in klein und am R\u00fccken mittig gro\u00df sieht man auch sofort, dass du mit zur Wurzel-Ranch Crew geh\u00f6rst!\u00a0","og_url":"https:\/\/www.wurzel-ranch.de\/wrhome\/zurueck-zum-shop\/polo-t-shirt-damen\/","og_site_name":"Wurzel-Ranch","article_modified_time":"2024-10-10T08:17:12+00:00","og_image":[{"width":836,"height":1024,"url":"https:\/\/www.wurzel-ranch.de\/wrhome\/wp-content\/uploads\/Polo_Damen_pink_Front_b.jpg","type":"image\/jpeg"}],"twitter_card":"summary_large_image","schema":{"@context":"https:\/\/schema.org","@graph":[{"@type":"WebPage","@id":"https:\/\/www.wurzel-ranch.de\/wrhome\/zurueck-zum-shop\/polo-t-shirt-damen\/","url":"https:\/\/www.wurzel-ranch.de\/wrhome\/zurueck-zum-shop\/polo-t-shirt-damen\/","name":"Polo T-Shirt Damen pink - Wurzel-Ranch","isPartOf":{"@id":"https:\/\/www.wurzel-ranch.de\/wrhome\/#website"},"primaryImageOfPage":{"@id":"https:\/\/www.wurzel-ranch.de\/wrhome\/zurueck-zum-shop\/polo-t-shirt-damen\/#primaryimage"},"image":{"@id":"https:\/\/www.wurzel-ranch.de\/wrhome\/zurueck-zum-shop\/polo-t-shirt-damen\/#primaryimage"},"thumbnailUrl":"https:\/\/www.wurzel-ranch.de\/wrhome\/wp-content\/uploads\/Polo_Damen_pink_Front_b.jpg","datePublished":"2020-11-27T04:53:00+00:00","dateModified":"2024-10-10T08:17:12+00:00","breadcrumb":{"@id":"https:\/\/www.wurzel-ranch.de\/wrhome\/zurueck-zum-shop\/polo-t-shirt-damen\/#breadcrumb"},"inLanguage":"de","potentialAction":[{"@type":"ReadAction","target":["https:\/\/www.wurzel-ranch.de\/wrhome\/zurueck-zum-shop\/polo-t-shirt-damen\/"]}]},{"@type":"ImageObject","inLanguage":"de","@id":"https:\/\/www.wurzel-ranch.de\/wrhome\/zurueck-zum-shop\/polo-t-shirt-damen\/#primaryimage","url":"https:\/\/www.wurzel-ranch.de\/wrhome\/wp-content\/uploads\/Polo_Damen_pink_Front_b.jpg","contentUrl":"https:\/\/www.wurzel-ranch.de\/wrhome\/wp-content\/uploads\/Polo_Damen_pink_Front_b.jpg","width":836,"height":1024},{"@type":"BreadcrumbList","@id":"https:\/\/www.wurzel-ranch.de\/wrhome\/zurueck-zum-shop\/polo-t-shirt-damen\/#breadcrumb","itemListElement":[{"@type":"ListItem","position":1,"name":"Startseite","item":"https:\/\/www.wurzel-ranch.de\/wrhome\/"},{"@type":"ListItem","position":2,"name":"Zur\u00fcck zum Shop","item":"https:\/\/www.wurzel-ranch.de\/wrhome\/zurueck-zum-shop\/"},{"@type":"ListItem","position":3,"name":"Polo T-Shirt Damen pink"}]},{"@type":"WebSite","@id":"https:\/\/www.wurzel-ranch.de\/wrhome\/#website","url":"https:\/\/www.wurzel-ranch.de\/wrhome\/","name":"Wurzel-Ranch","description":"","publisher":{"@id":"https:\/\/www.wurzel-ranch.de\/wrhome\/#organization"},"potentialAction":[{"@type":"SearchAction","target":{"@type":"EntryPoint","urlTemplate":"https:\/\/www.wurzel-ranch.de\/wrhome\/?s={search_term_string}"},"query-input":{"@type":"PropertyValueSpecification","valueRequired":true,"valueName":"search_term_string"}}],"inLanguage":"de"},{"@type":"Organization","@id":"https:\/\/www.wurzel-ranch.de\/wrhome\/#organization","name":"Wurzel-Ranch","url":"https:\/\/www.wurzel-ranch.de\/wrhome\/","logo":{"@type":"ImageObject","inLanguage":"de","@id":"https:\/\/www.wurzel-ranch.de\/wrhome\/#\/schema\/logo\/image\/","url":"https:\/\/www.wurzel-ranch.de\/wrhome\/wp-content\/uploads\/WurzelRanch.png","contentUrl":"https:\/\/www.wurzel-ranch.de\/wrhome\/wp-content\/uploads\/WurzelRanch.png","width":332,"height":376,"caption":"Wurzel-Ranch"},"image":{"@id":"https:\/\/www.wurzel-ranch.de\/wrhome\/#\/schema\/logo\/image\/"},"sameAs":["https:\/\/www.instagram.com\/wurzelranch"]}]}},"_links":{"self":[{"href":"https:\/\/www.wurzel-ranch.de\/wrhome\/wp-json\/wp\/v2\/product\/2212","targetHints":{"allow":["GET"]}}],"collection":[{"href":"https:\/\/www.wurzel-ranch.de\/wrhome\/wp-json\/wp\/v2\/product"}],"about":[{"href":"https:\/\/www.wurzel-ranch.de\/wrhome\/wp-json\/wp\/v2\/types\/product"}],"replies":[{"embeddable":true,"href":"https:\/\/www.wurzel-ranch.de\/wrhome\/wp-json\/wp\/v2\/comments?post=2212"}],"wp:featuredmedia":[{"embeddable":true,"href":"https:\/\/www.wurzel-ranch.de\/wrhome\/wp-json\/wp\/v2\/media\/2472"}],"wp:attachment":[{"href":"https:\/\/www.wurzel-ranch.de\/wrhome\/wp-json\/wp\/v2\/media?parent=2212"}],"wp:term":[{"taxonomy":"product_brand","embeddable":true,"href":"https:\/\/www.wurzel-ranch.de\/wrhome\/wp-json\/wp\/v2\/product_brand?post=2212"},{"taxonomy":"product_cat","embeddable":true,"href":"https:\/\/www.wurzel-ranch.de\/wrhome\/wp-json\/wp\/v2\/product_cat?post=2212"},{"taxonomy":"product_tag","embeddable":true,"href":"https:\/\/www.wurzel-ranch.de\/wrhome\/wp-json\/wp\/v2\/product_tag?post=2212"}],"curies":[{"name":"wp","href":"https:\/\/api.w.org\/{rel}","templated":true}]}}