{"id":537,"date":"2018-10-04T07:26:51","date_gmt":"2018-10-04T05:26:51","guid":{"rendered":"http:\/\/www.wurzel-ranch.de\/wrhome\/?page_id=537"},"modified":"2023-02-24T13:37:04","modified_gmt":"2023-02-24T11:37:04","slug":"team-zwei-beine-2","status":"publish","type":"page","link":"https:\/\/www.wurzel-ranch.de\/wrhome\/team-zwei-beine-2\/","title":{"rendered":"Team vier Beine"},"content":{"rendered":"\n<h2>\n\t\tTeam &#8220;vier Beine&#8221;\n\t<\/h2>\n\t<p><em>Alle unsere\u00a0 Pferde haben ein solide Grundausbildung in Reiten und Bodenarbeit. Sie zeichnen sich au\u00dferdem durch ein ruhiges Wesen und eine charakterstarke Pers\u00f6nlichkeit aus &#8211; kurzum verl\u00e4ssliche Partner in jeder Situation.<\/em><\/p>\n<p>&nbsp;<\/p>\n<p>**Diese Seite befindet sich aktuell im Aufbau &#8211; weitere aktuelle Bilder folgen&#8230; \ud83d\ude42 **<\/p>\n<p>Image already added<\/p>\n<h2>\n\t\tSchulpferde\n\t<\/h2>\n\t\t\t\t<img decoding=\"async\" src=\"https:\/\/www.wurzel-ranch.de\/wrhome\/wp-content\/uploads\/bb-plugin\/cache\/Florence_2-circle.jpg\" alt=\"Florence_2\" itemprop=\"image\" title=\"Florence_2\" onerror=\"this.style.display='none'\"  \/>\n\t\t\n\t\t\t<h2><strong>Florence<\/strong><\/h2>\n\t\t\t\t<img decoding=\"async\" src=\"https:\/\/www.wurzel-ranch.de\/wrhome\/wp-content\/uploads\/bb-plugin\/cache\/IMG_0523_2_3-circle.jpg\" alt=\"IMG_0523_2_3\" itemprop=\"image\" height=\"1037\" width=\"812\" title=\"IMG_0523_2_3\" onerror=\"this.style.display='none'\"  \/>\n\t\t\n\t\t\t<h2><strong>Marga<\/strong><\/h2>\n\t\t\t\t<img decoding=\"async\" src=\"https:\/\/www.wurzel-ranch.de\/wrhome\/wp-content\/uploads\/bb-plugin\/cache\/Mayla-scaled-circle.jpg\" alt=\"Mayla\" itemprop=\"image\" height=\"2560\" width=\"2289\" title=\"Mayla\" onerror=\"this.style.display='none'\"  \/>\n\t\t\n\t\t\t<h2><strong>Mayla<\/strong><\/h2>\n\t\t\t\t<img decoding=\"async\" src=\"https:\/\/www.wurzel-ranch.de\/wrhome\/wp-content\/uploads\/bb-plugin\/cache\/IMG_1083_1_2_3-1-circle.jpg\" alt=\"IMG_1083_1_2_3\" itemprop=\"image\" height=\"349\" width=\"323\" title=\"IMG_1083_1_2_3\" onerror=\"this.style.display='none'\"  \/>\n\t\t\n\t\t\t<h2><strong>Oraya<\/strong><\/h2>\n\t\t\t\t<img decoding=\"async\" src=\"https:\/\/www.wurzel-ranch.de\/wrhome\/wp-content\/uploads\/bb-plugin\/cache\/IMG_1607_1_2_3-circle.jpg\" alt=\"IMG_1607_1_2_3\" itemprop=\"image\" height=\"764\" width=\"691\" title=\"IMG_1607_1_2_3\" onerror=\"this.style.display='none'\"  \/>\n\t\t\n\t\t\t<h2><strong>Joyce<\/strong><\/h2>\n\t\n<p>Image already added<\/p>\n\t\t\t\t<img decoding=\"async\" src=\"https:\/\/www.wurzel-ranch.de\/wrhome\/wp-content\/uploads\/bb-plugin\/cache\/IMG_1240_1_2-circle.jpg\" alt=\"IMG_1240_1_2\" itemprop=\"image\" height=\"691\" width=\"1037\" title=\"IMG_1240_1_2\" onerror=\"this.style.display='none'\"  \/>\n\t\t\n\t\t\t<h2><strong>Orissa<\/strong><\/h2>\n\t\t\t\t<img decoding=\"async\" src=\"https:\/\/www.wurzel-ranch.de\/wrhome\/wp-content\/uploads\/bb-plugin\/cache\/IMG_1199_1_2_3-circle.jpg\" alt=\"IMG_1199_1_2_3\" itemprop=\"image\" height=\"826\" width=\"691\" title=\"IMG_1199_1_2_3\" onerror=\"this.style.display='none'\"  \/>\n\t\t\n\t\t\t<h2><strong>Ivan<\/strong><\/h2>\n\t\t\t\t<img decoding=\"async\" src=\"https:\/\/www.wurzel-ranch.de\/wrhome\/wp-content\/uploads\/bb-plugin\/cache\/Ronja_2-scaled-circle.jpg\" alt=\"Ronja_2\" itemprop=\"image\" height=\"2560\" width=\"2011\" title=\"Ronja_2\" onerror=\"this.style.display='none'\"  \/>\n\t\t\n\t\t\t<h2><strong>Ronja<\/strong><\/h2>\n\t\t\t\t<img decoding=\"async\" src=\"https:\/\/www.wurzel-ranch.de\/wrhome\/wp-content\/uploads\/bb-plugin\/cache\/Indra_01-scaled-circle.jpg\" alt=\"Indra_01\" itemprop=\"image\" height=\"2560\" width=\"1707\" title=\"Indra_01\" onerror=\"this.style.display='none'\"  \/>\n\t\t\n\t\t\t<h2><strong>Indra<\/strong><\/h2>\n\t\t\t\t\n\t\t\t<h2><strong>Ondra<\/strong><\/h2>\n\t\t\t\t<img decoding=\"async\" src=\"https:\/\/www.wurzel-ranch.de\/wrhome\/wp-content\/uploads\/bb-plugin\/cache\/IMG_0428_2_3_4-circle.jpg\" alt=\"IMG_0428_2_3_4\" itemprop=\"image\" height=\"896\" width=\"856\" title=\"IMG_0428_2_3_4\" onerror=\"this.style.display='none'\"  \/>\n\t\t\n\t\t\t<h2><strong>Rocky<\/strong><\/h2>\n\t\t\t\t<img decoding=\"async\" src=\"https:\/\/www.wurzel-ranch.de\/wrhome\/wp-content\/uploads\/bb-plugin\/cache\/Tequi_02-scaled-circle.jpg\" alt=\"Tequi_02\" itemprop=\"image\" height=\"2560\" width=\"1707\" title=\"Tequi_02\" onerror=\"this.style.display='none'\"  \/>\n\t\t\n\t\t\t<h2><strong>Tequi<\/strong><\/h2>\n\t\t\t\t<img decoding=\"async\" src=\"https:\/\/www.wurzel-ranch.de\/wrhome\/wp-content\/uploads\/bb-plugin\/cache\/IMG_0407_2_3-circle.jpg\" alt=\"IMG_0407_2_3\" itemprop=\"image\" height=\"803\" width=\"1030\" title=\"IMG_0407_2_3\" onerror=\"this.style.display='none'\"  \/>\n\t\t\n\t\t\t<h2><strong>Hannes<\/strong><\/h2>\n\t\t\t\t<img decoding=\"async\" src=\"https:\/\/www.wurzel-ranch.de\/wrhome\/wp-content\/uploads\/bb-plugin\/cache\/Fine-circle.jpg\" alt=\"Fine\" itemprop=\"image\" height=\"922\" width=\"1117\" title=\"Fine\" onerror=\"this.style.display='none'\"  \/>\n\t\t\n\t\t\t<h2><strong>Fine<\/strong><\/h2>\n\t\t\t\t<img decoding=\"async\" src=\"https:\/\/www.wurzel-ranch.de\/wrhome\/wp-content\/uploads\/bb-plugin\/cache\/IMG_1209_2-circle.jpg\" alt=\"IMG_1209_2\" itemprop=\"image\" height=\"691\" width=\"1037\" title=\"IMG_1209_2\" onerror=\"this.style.display='none'\"  \/>\n\t\t\n\t\t\t<h2><strong>Dalia<\/strong><\/h2>\n\t\t\t\t<img decoding=\"async\" src=\"https:\/\/www.wurzel-ranch.de\/wrhome\/wp-content\/uploads\/bb-plugin\/cache\/IMG_0497_2_3-circle.jpg\" alt=\"IMG_0497_2_3\" itemprop=\"image\" height=\"1037\" width=\"1423\" title=\"IMG_0497_2_3\" onerror=\"this.style.display='none'\"  \/>\n\t\t\n\t\t\t<h2><strong>Benny<\/strong><\/h2>\n\t\t\t\t<img decoding=\"async\" src=\"https:\/\/www.wurzel-ranch.de\/wrhome\/wp-content\/uploads\/bb-plugin\/cache\/IMG_1713_1_2_3-circle.jpg\" alt=\"IMG_1713_1_2_3\" itemprop=\"image\" height=\"744\" width=\"600\" title=\"IMG_1713_1_2_3\" onerror=\"this.style.display='none'\"  \/>\n\t\t\n\t\t\t<h2><strong>Sunny<\/strong><\/h2>\n\t\t\t\t<img decoding=\"async\" src=\"https:\/\/www.wurzel-ranch.de\/wrhome\/wp-content\/uploads\/bb-plugin\/cache\/IMG_1672_2-circle.jpg\" alt=\"IMG_1672_2\" itemprop=\"image\" height=\"691\" width=\"1037\" title=\"IMG_1672_2\" onerror=\"this.style.display='none'\"  \/>\n\t\t\n\t\t\t<h2><strong>Memory<\/strong><\/h2>\n\t\t\t\t<img decoding=\"async\" src=\"https:\/\/www.wurzel-ranch.de\/wrhome\/wp-content\/uploads\/bb-plugin\/cache\/Fine_01-scaled-circle.jpg\" alt=\"Fine_01\" itemprop=\"image\" height=\"2560\" width=\"1707\" title=\"Fine_01\" onerror=\"this.style.display='none'\"  \/>\n\t\t\n\t\t\t<h2><strong>Muck<\/strong><\/h2>\n<h2>\n\t\tIn Ausbildung\n\t<\/h2>\n\t\t\t\t<img decoding=\"async\" src=\"https:\/\/www.wurzel-ranch.de\/wrhome\/wp-content\/uploads\/bb-plugin\/cache\/Sisco_2-circle.jpg\" alt=\"Sisco_2\" itemprop=\"image\" height=\"2177\" width=\"1785\" title=\"Sisco_2\" onerror=\"this.style.display='none'\"  \/>\n\t\t\n\t\t\t<h2><strong>Sisco<\/strong><\/h2>\n\t\t\t\t<img decoding=\"async\" src=\"https:\/\/www.wurzel-ranch.de\/wrhome\/wp-content\/uploads\/bb-plugin\/cache\/Mira_2-circle.jpg\" alt=\"Mira_2\" itemprop=\"image\" height=\"763\" width=\"587\" title=\"Mira_2\" onerror=\"this.style.display='none'\"  \/>\n\t\t\n\t\t\t<h2><strong>Mira<\/strong><\/h2>\n\t\t\t\t<img decoding=\"async\" src=\"https:\/\/www.wurzel-ranch.de\/wrhome\/wp-content\/uploads\/bb-plugin\/cache\/Romina_2-1-circle.jpg\" alt=\"Romina_2\" itemprop=\"image\" height=\"1530\" width=\"1267\" title=\"Romina_2\" onerror=\"this.style.display='none'\"  \/>\n\t\t\n\t\t\t<h2><strong>Romina<\/strong><\/h2>\n\t\t\t\t<img decoding=\"async\" src=\"https:\/\/www.wurzel-ranch.de\/wrhome\/wp-content\/uploads\/bb-plugin\/cache\/Sjonte_2-circle.jpg\" alt=\"Sjonte_2\" itemprop=\"image\" height=\"1051\" width=\"938\" title=\"Sjonte_2\" onerror=\"this.style.display='none'\"  \/>\n\t\t\n\t\t\t<h2><strong>Sjonte<\/strong><\/h2>\n\t\t\t\t<img decoding=\"async\" src=\"https:\/\/www.wurzel-ranch.de\/wrhome\/wp-content\/uploads\/bb-plugin\/cache\/Mila_3-circle.jpg\" alt=\"Mila_3\" itemprop=\"image\" height=\"1592\" width=\"1372\" title=\"Mila_3\" onerror=\"this.style.display='none'\"  \/>\n\t\t\n\t\t\t<h2><strong>Mila<\/strong><\/h2>\n\t\t\t\t<img decoding=\"async\" src=\"https:\/\/www.wurzel-ranch.de\/wrhome\/wp-content\/uploads\/bb-plugin\/cache\/Mik1-circle.jpg\" alt=\"Mik1\" itemprop=\"image\" height=\"856\" width=\"1055\" title=\"Mik1\" onerror=\"this.style.display='none'\"  \/>\n\t\t\n\t\t\t<h2><strong>Mik<\/strong><\/h2>\n\t\t\t\t<img decoding=\"async\" src=\"https:\/\/www.wurzel-ranch.de\/wrhome\/wp-content\/uploads\/bb-plugin\/cache\/Poci_2-circle.jpg\" alt=\"Poci_2\" itemprop=\"image\" height=\"1069\" width=\"937\" title=\"Poci_2\" onerror=\"this.style.display='none'\"  \/>\n\t\t\n\t\t\t<h2><strong>Pocahontas<\/strong><\/h2>\n\t\t\t\t\n\t\t\t<h2><strong>Ora<\/strong><\/h2>\n<h2>\n\t\tNachwuchs\n\t<\/h2>\n\t\t\t\t<img decoding=\"async\" src=\"https:\/\/www.wurzel-ranch.de\/wrhome\/wp-content\/uploads\/bb-plugin\/cache\/IMG_1443_2-circle.jpg\" alt=\"IMG_1443_2\" itemprop=\"image\" height=\"1037\" width=\"1555\" title=\"IMG_1443_2\" onerror=\"this.style.display='none'\"  \/>\n\t\t\n\t\t\t<h2><strong>Mirielle<\/strong><\/h2>\n\t\t\t\t\n\t\t\t<h2><strong>Bellini<\/strong><\/h2>\n\t\t\t\t<img decoding=\"async\" src=\"https:\/\/www.wurzel-ranch.de\/wrhome\/wp-content\/uploads\/bb-plugin\/cache\/IMG_9839_2-circle.jpg\" alt=\"IMG_9839_2\" itemprop=\"image\" height=\"1037\" width=\"1555\" title=\"IMG_9839_2\" onerror=\"this.style.display='none'\"  \/>\n\t\t\n\t\t\t<h2><strong>Ilvy<\/strong><\/h2>\n\t\t\t\t<img decoding=\"async\" src=\"https:\/\/www.wurzel-ranch.de\/wrhome\/wp-content\/uploads\/bb-plugin\/cache\/IMG_9387_2-circle.jpg\" alt=\"IMG_9387_2\" itemprop=\"image\" height=\"1037\" width=\"1555\" title=\"IMG_9387_2\" onerror=\"this.style.display='none'\"  \/>\n\t\t\n\t\t\t<h2><strong>Onni<\/strong><\/h2>\n\t\t\t\t<img decoding=\"async\" src=\"https:\/\/www.wurzel-ranch.de\/wrhome\/wp-content\/uploads\/bb-plugin\/cache\/IMG_9444_2-circle.jpg\" alt=\"IMG_9444_2\" itemprop=\"image\" height=\"1210\" width=\"1814\" title=\"IMG_9444_2\" onerror=\"this.style.display='none'\"  \/>\n\t\t\n\t\t\t<h2><strong>Maylo<\/strong><\/h2>\n\n","protected":false},"excerpt":{"rendered":"<p>Team &#8220;vier Beine&#8221; Alle unsere\u00a0 Pferde haben ein solide Grundausbildung in Reiten und Bodenarbeit. Sie zeichnen sich au\u00dferdem durch ein ruhiges Wesen und eine charakterstarke Pers\u00f6nlichkeit aus &#8211; kurzum verl\u00e4ssliche Partner in jeder Situation. &nbsp; **Diese Seite befindet sich aktuell im Aufbau &#8211; weitere aktuelle Bilder folgen&#8230; \ud83d\ude42 ** Image already added Schulpferde Florence Marga&hellip;<\/p>\n","protected":false},"author":3,"featured_media":0,"parent":0,"menu_order":0,"comment_status":"closed","ping_status":"closed","template":"","meta":{"footnotes":""},"class_list":["post-537","page","type-page","status-publish","hentry"],"yoast_head":"<!-- This site is optimized with the Yoast SEO plugin v26.8 - https:\/\/yoast.com\/product\/yoast-seo-wordpress\/ -->\n<title>Team vier Beine - Wurzel-Ranch<\/title>\n<meta name=\"robots\" content=\"index, follow, max-snippet:-1, max-image-preview:large, max-video-preview:-1\" \/>\n<link rel=\"canonical\" href=\"https:\/\/www.wurzel-ranch.de\/wrhome\/team-zwei-beine-2\/\" \/>\n<meta property=\"og:locale\" content=\"de_DE\" \/>\n<meta property=\"og:type\" content=\"article\" \/>\n<meta property=\"og:title\" content=\"Team vier Beine - Wurzel-Ranch\" \/>\n<meta property=\"og:description\" content=\"Team &#8220;vier Beine&#8221; Alle unsere\u00a0 Pferde haben ein solide Grundausbildung in Reiten und Bodenarbeit. Sie zeichnen sich au\u00dferdem durch ein ruhiges Wesen und eine charakterstarke Pers\u00f6nlichkeit aus &#8211; kurzum verl\u00e4ssliche Partner in jeder Situation. &nbsp; **Diese Seite befindet sich aktuell im Aufbau &#8211; weitere aktuelle Bilder folgen&#8230; \ud83d\ude42 ** Image already added Schulpferde Florence Marga&hellip;\" \/>\n<meta property=\"og:url\" content=\"https:\/\/www.wurzel-ranch.de\/wrhome\/team-zwei-beine-2\/\" \/>\n<meta property=\"og:site_name\" content=\"Wurzel-Ranch\" \/>\n<meta property=\"article:modified_time\" content=\"2023-02-24T11:37:04+00:00\" \/>\n<meta property=\"og:image\" content=\"https:\/\/www.wurzel-ranch.de\/wrhome\/wp-content\/uploads\/bb-plugin\/cache\/Florence_2-circle.jpg\" \/>\n<meta name=\"twitter:card\" content=\"summary_large_image\" \/>\n<script type=\"application\/ld+json\" class=\"yoast-schema-graph\">{\"@context\":\"https:\/\/schema.org\",\"@graph\":[{\"@type\":\"WebPage\",\"@id\":\"https:\/\/www.wurzel-ranch.de\/wrhome\/team-zwei-beine-2\/\",\"url\":\"https:\/\/www.wurzel-ranch.de\/wrhome\/team-zwei-beine-2\/\",\"name\":\"Team vier Beine - Wurzel-Ranch\",\"isPartOf\":{\"@id\":\"https:\/\/www.wurzel-ranch.de\/wrhome\/#website\"},\"primaryImageOfPage\":{\"@id\":\"https:\/\/www.wurzel-ranch.de\/wrhome\/team-zwei-beine-2\/#primaryimage\"},\"image\":{\"@id\":\"https:\/\/www.wurzel-ranch.de\/wrhome\/team-zwei-beine-2\/#primaryimage\"},\"thumbnailUrl\":\"https:\/\/www.wurzel-ranch.de\/wrhome\/wp-content\/uploads\/bb-plugin\/cache\/Florence_2-circle.jpg\",\"datePublished\":\"2018-10-04T05:26:51+00:00\",\"dateModified\":\"2023-02-24T11:37:04+00:00\",\"breadcrumb\":{\"@id\":\"https:\/\/www.wurzel-ranch.de\/wrhome\/team-zwei-beine-2\/#breadcrumb\"},\"inLanguage\":\"de\",\"potentialAction\":[{\"@type\":\"ReadAction\",\"target\":[\"https:\/\/www.wurzel-ranch.de\/wrhome\/team-zwei-beine-2\/\"]}]},{\"@type\":\"ImageObject\",\"inLanguage\":\"de\",\"@id\":\"https:\/\/www.wurzel-ranch.de\/wrhome\/team-zwei-beine-2\/#primaryimage\",\"url\":\"https:\/\/www.wurzel-ranch.de\/wrhome\/wp-content\/uploads\/bb-plugin\/cache\/Florence_2-circle.jpg\",\"contentUrl\":\"https:\/\/www.wurzel-ranch.de\/wrhome\/wp-content\/uploads\/bb-plugin\/cache\/Florence_2-circle.jpg\"},{\"@type\":\"BreadcrumbList\",\"@id\":\"https:\/\/www.wurzel-ranch.de\/wrhome\/team-zwei-beine-2\/#breadcrumb\",\"itemListElement\":[{\"@type\":\"ListItem\",\"position\":1,\"name\":\"Startseite\",\"item\":\"https:\/\/www.wurzel-ranch.de\/wrhome\/\"},{\"@type\":\"ListItem\",\"position\":2,\"name\":\"Team vier Beine\"}]},{\"@type\":\"WebSite\",\"@id\":\"https:\/\/www.wurzel-ranch.de\/wrhome\/#website\",\"url\":\"https:\/\/www.wurzel-ranch.de\/wrhome\/\",\"name\":\"Wurzel-Ranch\",\"description\":\"\",\"publisher\":{\"@id\":\"https:\/\/www.wurzel-ranch.de\/wrhome\/#organization\"},\"potentialAction\":[{\"@type\":\"SearchAction\",\"target\":{\"@type\":\"EntryPoint\",\"urlTemplate\":\"https:\/\/www.wurzel-ranch.de\/wrhome\/?s={search_term_string}\"},\"query-input\":{\"@type\":\"PropertyValueSpecification\",\"valueRequired\":true,\"valueName\":\"search_term_string\"}}],\"inLanguage\":\"de\"},{\"@type\":\"Organization\",\"@id\":\"https:\/\/www.wurzel-ranch.de\/wrhome\/#organization\",\"name\":\"Wurzel-Ranch\",\"url\":\"https:\/\/www.wurzel-ranch.de\/wrhome\/\",\"logo\":{\"@type\":\"ImageObject\",\"inLanguage\":\"de\",\"@id\":\"https:\/\/www.wurzel-ranch.de\/wrhome\/#\/schema\/logo\/image\/\",\"url\":\"https:\/\/www.wurzel-ranch.de\/wrhome\/wp-content\/uploads\/WurzelRanch.png\",\"contentUrl\":\"https:\/\/www.wurzel-ranch.de\/wrhome\/wp-content\/uploads\/WurzelRanch.png\",\"width\":332,\"height\":376,\"caption\":\"Wurzel-Ranch\"},\"image\":{\"@id\":\"https:\/\/www.wurzel-ranch.de\/wrhome\/#\/schema\/logo\/image\/\"},\"sameAs\":[\"https:\/\/www.instagram.com\/wurzelranch\"]}]}<\/script>\n<!-- \/ Yoast SEO plugin. -->","yoast_head_json":{"title":"Team vier Beine - Wurzel-Ranch","robots":{"index":"index","follow":"follow","max-snippet":"max-snippet:-1","max-image-preview":"max-image-preview:large","max-video-preview":"max-video-preview:-1"},"canonical":"https:\/\/www.wurzel-ranch.de\/wrhome\/team-zwei-beine-2\/","og_locale":"de_DE","og_type":"article","og_title":"Team vier Beine - Wurzel-Ranch","og_description":"Team &#8220;vier Beine&#8221; Alle unsere\u00a0 Pferde haben ein solide Grundausbildung in Reiten und Bodenarbeit. Sie zeichnen sich au\u00dferdem durch ein ruhiges Wesen und eine charakterstarke Pers\u00f6nlichkeit aus &#8211; kurzum verl\u00e4ssliche Partner in jeder Situation. &nbsp; **Diese Seite befindet sich aktuell im Aufbau &#8211; weitere aktuelle Bilder folgen&#8230; \ud83d\ude42 ** Image already added Schulpferde Florence Marga&hellip;","og_url":"https:\/\/www.wurzel-ranch.de\/wrhome\/team-zwei-beine-2\/","og_site_name":"Wurzel-Ranch","article_modified_time":"2023-02-24T11:37:04+00:00","og_image":[{"url":"https:\/\/www.wurzel-ranch.de\/wrhome\/wp-content\/uploads\/bb-plugin\/cache\/Florence_2-circle.jpg","type":"","width":"","height":""}],"twitter_card":"summary_large_image","schema":{"@context":"https:\/\/schema.org","@graph":[{"@type":"WebPage","@id":"https:\/\/www.wurzel-ranch.de\/wrhome\/team-zwei-beine-2\/","url":"https:\/\/www.wurzel-ranch.de\/wrhome\/team-zwei-beine-2\/","name":"Team vier Beine - Wurzel-Ranch","isPartOf":{"@id":"https:\/\/www.wurzel-ranch.de\/wrhome\/#website"},"primaryImageOfPage":{"@id":"https:\/\/www.wurzel-ranch.de\/wrhome\/team-zwei-beine-2\/#primaryimage"},"image":{"@id":"https:\/\/www.wurzel-ranch.de\/wrhome\/team-zwei-beine-2\/#primaryimage"},"thumbnailUrl":"https:\/\/www.wurzel-ranch.de\/wrhome\/wp-content\/uploads\/bb-plugin\/cache\/Florence_2-circle.jpg","datePublished":"2018-10-04T05:26:51+00:00","dateModified":"2023-02-24T11:37:04+00:00","breadcrumb":{"@id":"https:\/\/www.wurzel-ranch.de\/wrhome\/team-zwei-beine-2\/#breadcrumb"},"inLanguage":"de","potentialAction":[{"@type":"ReadAction","target":["https:\/\/www.wurzel-ranch.de\/wrhome\/team-zwei-beine-2\/"]}]},{"@type":"ImageObject","inLanguage":"de","@id":"https:\/\/www.wurzel-ranch.de\/wrhome\/team-zwei-beine-2\/#primaryimage","url":"https:\/\/www.wurzel-ranch.de\/wrhome\/wp-content\/uploads\/bb-plugin\/cache\/Florence_2-circle.jpg","contentUrl":"https:\/\/www.wurzel-ranch.de\/wrhome\/wp-content\/uploads\/bb-plugin\/cache\/Florence_2-circle.jpg"},{"@type":"BreadcrumbList","@id":"https:\/\/www.wurzel-ranch.de\/wrhome\/team-zwei-beine-2\/#breadcrumb","itemListElement":[{"@type":"ListItem","position":1,"name":"Startseite","item":"https:\/\/www.wurzel-ranch.de\/wrhome\/"},{"@type":"ListItem","position":2,"name":"Team vier Beine"}]},{"@type":"WebSite","@id":"https:\/\/www.wurzel-ranch.de\/wrhome\/#website","url":"https:\/\/www.wurzel-ranch.de\/wrhome\/","name":"Wurzel-Ranch","description":"","publisher":{"@id":"https:\/\/www.wurzel-ranch.de\/wrhome\/#organization"},"potentialAction":[{"@type":"SearchAction","target":{"@type":"EntryPoint","urlTemplate":"https:\/\/www.wurzel-ranch.de\/wrhome\/?s={search_term_string}"},"query-input":{"@type":"PropertyValueSpecification","valueRequired":true,"valueName":"search_term_string"}}],"inLanguage":"de"},{"@type":"Organization","@id":"https:\/\/www.wurzel-ranch.de\/wrhome\/#organization","name":"Wurzel-Ranch","url":"https:\/\/www.wurzel-ranch.de\/wrhome\/","logo":{"@type":"ImageObject","inLanguage":"de","@id":"https:\/\/www.wurzel-ranch.de\/wrhome\/#\/schema\/logo\/image\/","url":"https:\/\/www.wurzel-ranch.de\/wrhome\/wp-content\/uploads\/WurzelRanch.png","contentUrl":"https:\/\/www.wurzel-ranch.de\/wrhome\/wp-content\/uploads\/WurzelRanch.png","width":332,"height":376,"caption":"Wurzel-Ranch"},"image":{"@id":"https:\/\/www.wurzel-ranch.de\/wrhome\/#\/schema\/logo\/image\/"},"sameAs":["https:\/\/www.instagram.com\/wurzelranch"]}]}},"_links":{"self":[{"href":"https:\/\/www.wurzel-ranch.de\/wrhome\/wp-json\/wp\/v2\/pages\/537","targetHints":{"allow":["GET"]}}],"collection":[{"href":"https:\/\/www.wurzel-ranch.de\/wrhome\/wp-json\/wp\/v2\/pages"}],"about":[{"href":"https:\/\/www.wurzel-ranch.de\/wrhome\/wp-json\/wp\/v2\/types\/page"}],"author":[{"embeddable":true,"href":"https:\/\/www.wurzel-ranch.de\/wrhome\/wp-json\/wp\/v2\/users\/3"}],"replies":[{"embeddable":true,"href":"https:\/\/www.wurzel-ranch.de\/wrhome\/wp-json\/wp\/v2\/comments?post=537"}],"version-history":[{"count":0,"href":"https:\/\/www.wurzel-ranch.de\/wrhome\/wp-json\/wp\/v2\/pages\/537\/revisions"}],"wp:attachment":[{"href":"https:\/\/www.wurzel-ranch.de\/wrhome\/wp-json\/wp\/v2\/media?parent=537"}],"curies":[{"name":"wp","href":"https:\/\/api.w.org\/{rel}","templated":true}]}}