{"id":4997,"date":"2023-01-05T22:41:56","date_gmt":"2023-01-05T20:41:56","guid":{"rendered":"https:\/\/www.wurzel-ranch.de\/wrhome\/?page_id=4997"},"modified":"2023-02-24T18:38:31","modified_gmt":"2023-02-24T16:38:31","slug":"wanderritt","status":"publish","type":"page","link":"https:\/\/www.wurzel-ranch.de\/wrhome\/wanderritt\/","title":{"rendered":"Wanderritt"},"content":{"rendered":"\n<h2>\n\t\tWanderritte\n\t<\/h2>\n\t<h3><strong>2-Tages-Wanderritt<\/strong><\/h3>\n<p>&nbsp;<\/p>\n<p><strong><em>Voraussetzungen<\/em><\/strong>:<\/p>\n<p>Sattelfestigkeit in allen Gangarten, Sicheres Beherrschung von Leichttrab und leichtem Sitz im Galopp, Ausreichende Fitness f\u00fcr ca 5-6 Stunden pro Tag im Sattel, selbstst\u00e4ndiges Satteln &amp; Trensen des Pferdes<\/p>\n<p>&nbsp;<\/p>\n<p>Besonderheiten: Dieser Ritt ist ein Sack&amp;Pack Ritt ohne extra Gep\u00e4cktransport<\/p>\n<p>inklusive \u00dcbernachtung mit Abendessen und Fr\u00fchst\u00fcck<\/p>\n<p><strong><em>Dauer<\/em><\/strong>: jeweils 5-6 Std Reitzeit\/Tag<\/p>\n\t<h3><strong>Tagesritt<\/strong><\/h3>\n<p>&nbsp;<\/p>\n<p><strong><em>Voraussetzungen<\/em><\/strong>:<\/p>\n<p>Sattelfestigkeit in allen Gangarten, Sicheres Beherrschen von Leichttrab und leichtem Sitz im Galopp, selbstst\u00e4ndiges Satteln &amp; Trensen des Pferdes<\/p>\n<p>&nbsp;<\/p>\n<p>Besonderheiten: Dieser Ritt ist ein Sack&amp;Pack Ritt ohne extra Gep\u00e4cktransport<\/p>\n<p>inklusive Mittagspause<\/p>\n<p><strong><em>Dauer<\/em><\/strong>: ca 2,5 &#8211; 3 Stunden Reitzeit, inklusive Vor- und Nachbereiten und Pause ca. 5,5 Stunden<\/p>\n\t<p><b>Anmerkung<\/b>:<\/p>\n<p>Gerne d\u00fcrft ihr uns bei der Buchung des Rittes euer Wunschpony mitteilen. Wir versuchen nat\u00fcrlich auf eure W\u00fcnsche einzugehen, k\u00f6nnen euch das aber nicht garantieren.<\/p>\n<p>Der Wanderritt findet grunds\u00e4tzlich bei jedem Wetter statt. Nur Gewitter oder Sturm k\u00f6nnen uns aufhalten, da wir kein Risiko f\u00fcr unsere Ponys und Reiter eingehen wollen.<\/p>\n\n","protected":false},"excerpt":{"rendered":"<p>Wanderritte 2-Tages-Wanderritt &nbsp; Voraussetzungen: Sattelfestigkeit in allen Gangarten, Sicheres Beherrschung von Leichttrab und leichtem Sitz im Galopp, Ausreichende Fitness f\u00fcr ca 5-6 Stunden pro Tag im Sattel, selbstst\u00e4ndiges Satteln &amp; Trensen des Pferdes &nbsp; Besonderheiten: Dieser Ritt ist ein Sack&amp;Pack Ritt ohne extra Gep\u00e4cktransport inklusive \u00dcbernachtung mit Abendessen und Fr\u00fchst\u00fcck Dauer: jeweils 5-6 Std Reitzeit\/Tag&hellip;<\/p>\n","protected":false},"author":3,"featured_media":0,"parent":0,"menu_order":0,"comment_status":"closed","ping_status":"closed","template":"","meta":{"footnotes":""},"class_list":["post-4997","page","type-page","status-publish","hentry"],"yoast_head":"<!-- This site is optimized with the Yoast SEO plugin v26.8 - https:\/\/yoast.com\/product\/yoast-seo-wordpress\/ -->\n<title>Wanderritt - Wurzel-Ranch<\/title>\n<meta name=\"robots\" content=\"index, follow, max-snippet:-1, max-image-preview:large, max-video-preview:-1\" \/>\n<link rel=\"canonical\" href=\"https:\/\/www.wurzel-ranch.de\/wrhome\/wanderritt\/\" \/>\n<meta property=\"og:locale\" content=\"de_DE\" \/>\n<meta property=\"og:type\" content=\"article\" \/>\n<meta property=\"og:title\" content=\"Wanderritt - Wurzel-Ranch\" \/>\n<meta property=\"og:description\" content=\"Wanderritte 2-Tages-Wanderritt &nbsp; Voraussetzungen: Sattelfestigkeit in allen Gangarten, Sicheres Beherrschung von Leichttrab und leichtem Sitz im Galopp, Ausreichende Fitness f\u00fcr ca 5-6 Stunden pro Tag im Sattel, selbstst\u00e4ndiges Satteln &amp; Trensen des Pferdes &nbsp; Besonderheiten: Dieser Ritt ist ein Sack&amp;Pack Ritt ohne extra Gep\u00e4cktransport inklusive \u00dcbernachtung mit Abendessen und Fr\u00fchst\u00fcck Dauer: jeweils 5-6 Std Reitzeit\/Tag&hellip;\" \/>\n<meta property=\"og:url\" content=\"https:\/\/www.wurzel-ranch.de\/wrhome\/wanderritt\/\" \/>\n<meta property=\"og:site_name\" content=\"Wurzel-Ranch\" \/>\n<meta property=\"article:modified_time\" content=\"2023-02-24T16:38:31+00:00\" \/>\n<meta name=\"twitter:card\" content=\"summary_large_image\" \/>\n<meta name=\"twitter:label1\" content=\"Gesch\u00e4tzte Lesezeit\" \/>\n\t<meta name=\"twitter:data1\" content=\"1\u00a0Minute\" \/>\n<script type=\"application\/ld+json\" class=\"yoast-schema-graph\">{\"@context\":\"https:\/\/schema.org\",\"@graph\":[{\"@type\":\"WebPage\",\"@id\":\"https:\/\/www.wurzel-ranch.de\/wrhome\/wanderritt\/\",\"url\":\"https:\/\/www.wurzel-ranch.de\/wrhome\/wanderritt\/\",\"name\":\"Wanderritt - Wurzel-Ranch\",\"isPartOf\":{\"@id\":\"https:\/\/www.wurzel-ranch.de\/wrhome\/#website\"},\"datePublished\":\"2023-01-05T20:41:56+00:00\",\"dateModified\":\"2023-02-24T16:38:31+00:00\",\"breadcrumb\":{\"@id\":\"https:\/\/www.wurzel-ranch.de\/wrhome\/wanderritt\/#breadcrumb\"},\"inLanguage\":\"de\",\"potentialAction\":[{\"@type\":\"ReadAction\",\"target\":[\"https:\/\/www.wurzel-ranch.de\/wrhome\/wanderritt\/\"]}]},{\"@type\":\"BreadcrumbList\",\"@id\":\"https:\/\/www.wurzel-ranch.de\/wrhome\/wanderritt\/#breadcrumb\",\"itemListElement\":[{\"@type\":\"ListItem\",\"position\":1,\"name\":\"Startseite\",\"item\":\"https:\/\/www.wurzel-ranch.de\/wrhome\/\"},{\"@type\":\"ListItem\",\"position\":2,\"name\":\"Wanderritt\"}]},{\"@type\":\"WebSite\",\"@id\":\"https:\/\/www.wurzel-ranch.de\/wrhome\/#website\",\"url\":\"https:\/\/www.wurzel-ranch.de\/wrhome\/\",\"name\":\"Wurzel-Ranch\",\"description\":\"\",\"publisher\":{\"@id\":\"https:\/\/www.wurzel-ranch.de\/wrhome\/#organization\"},\"potentialAction\":[{\"@type\":\"SearchAction\",\"target\":{\"@type\":\"EntryPoint\",\"urlTemplate\":\"https:\/\/www.wurzel-ranch.de\/wrhome\/?s={search_term_string}\"},\"query-input\":{\"@type\":\"PropertyValueSpecification\",\"valueRequired\":true,\"valueName\":\"search_term_string\"}}],\"inLanguage\":\"de\"},{\"@type\":\"Organization\",\"@id\":\"https:\/\/www.wurzel-ranch.de\/wrhome\/#organization\",\"name\":\"Wurzel-Ranch\",\"url\":\"https:\/\/www.wurzel-ranch.de\/wrhome\/\",\"logo\":{\"@type\":\"ImageObject\",\"inLanguage\":\"de\",\"@id\":\"https:\/\/www.wurzel-ranch.de\/wrhome\/#\/schema\/logo\/image\/\",\"url\":\"https:\/\/www.wurzel-ranch.de\/wrhome\/wp-content\/uploads\/WurzelRanch.png\",\"contentUrl\":\"https:\/\/www.wurzel-ranch.de\/wrhome\/wp-content\/uploads\/WurzelRanch.png\",\"width\":332,\"height\":376,\"caption\":\"Wurzel-Ranch\"},\"image\":{\"@id\":\"https:\/\/www.wurzel-ranch.de\/wrhome\/#\/schema\/logo\/image\/\"},\"sameAs\":[\"https:\/\/www.instagram.com\/wurzelranch\"]}]}<\/script>\n<!-- \/ Yoast SEO plugin. -->","yoast_head_json":{"title":"Wanderritt - Wurzel-Ranch","robots":{"index":"index","follow":"follow","max-snippet":"max-snippet:-1","max-image-preview":"max-image-preview:large","max-video-preview":"max-video-preview:-1"},"canonical":"https:\/\/www.wurzel-ranch.de\/wrhome\/wanderritt\/","og_locale":"de_DE","og_type":"article","og_title":"Wanderritt - Wurzel-Ranch","og_description":"Wanderritte 2-Tages-Wanderritt &nbsp; Voraussetzungen: Sattelfestigkeit in allen Gangarten, Sicheres Beherrschung von Leichttrab und leichtem Sitz im Galopp, Ausreichende Fitness f\u00fcr ca 5-6 Stunden pro Tag im Sattel, selbstst\u00e4ndiges Satteln &amp; Trensen des Pferdes &nbsp; Besonderheiten: Dieser Ritt ist ein Sack&amp;Pack Ritt ohne extra Gep\u00e4cktransport inklusive \u00dcbernachtung mit Abendessen und Fr\u00fchst\u00fcck Dauer: jeweils 5-6 Std Reitzeit\/Tag&hellip;","og_url":"https:\/\/www.wurzel-ranch.de\/wrhome\/wanderritt\/","og_site_name":"Wurzel-Ranch","article_modified_time":"2023-02-24T16:38:31+00:00","twitter_card":"summary_large_image","twitter_misc":{"Gesch\u00e4tzte Lesezeit":"1\u00a0Minute"},"schema":{"@context":"https:\/\/schema.org","@graph":[{"@type":"WebPage","@id":"https:\/\/www.wurzel-ranch.de\/wrhome\/wanderritt\/","url":"https:\/\/www.wurzel-ranch.de\/wrhome\/wanderritt\/","name":"Wanderritt - Wurzel-Ranch","isPartOf":{"@id":"https:\/\/www.wurzel-ranch.de\/wrhome\/#website"},"datePublished":"2023-01-05T20:41:56+00:00","dateModified":"2023-02-24T16:38:31+00:00","breadcrumb":{"@id":"https:\/\/www.wurzel-ranch.de\/wrhome\/wanderritt\/#breadcrumb"},"inLanguage":"de","potentialAction":[{"@type":"ReadAction","target":["https:\/\/www.wurzel-ranch.de\/wrhome\/wanderritt\/"]}]},{"@type":"BreadcrumbList","@id":"https:\/\/www.wurzel-ranch.de\/wrhome\/wanderritt\/#breadcrumb","itemListElement":[{"@type":"ListItem","position":1,"name":"Startseite","item":"https:\/\/www.wurzel-ranch.de\/wrhome\/"},{"@type":"ListItem","position":2,"name":"Wanderritt"}]},{"@type":"WebSite","@id":"https:\/\/www.wurzel-ranch.de\/wrhome\/#website","url":"https:\/\/www.wurzel-ranch.de\/wrhome\/","name":"Wurzel-Ranch","description":"","publisher":{"@id":"https:\/\/www.wurzel-ranch.de\/wrhome\/#organization"},"potentialAction":[{"@type":"SearchAction","target":{"@type":"EntryPoint","urlTemplate":"https:\/\/www.wurzel-ranch.de\/wrhome\/?s={search_term_string}"},"query-input":{"@type":"PropertyValueSpecification","valueRequired":true,"valueName":"search_term_string"}}],"inLanguage":"de"},{"@type":"Organization","@id":"https:\/\/www.wurzel-ranch.de\/wrhome\/#organization","name":"Wurzel-Ranch","url":"https:\/\/www.wurzel-ranch.de\/wrhome\/","logo":{"@type":"ImageObject","inLanguage":"de","@id":"https:\/\/www.wurzel-ranch.de\/wrhome\/#\/schema\/logo\/image\/","url":"https:\/\/www.wurzel-ranch.de\/wrhome\/wp-content\/uploads\/WurzelRanch.png","contentUrl":"https:\/\/www.wurzel-ranch.de\/wrhome\/wp-content\/uploads\/WurzelRanch.png","width":332,"height":376,"caption":"Wurzel-Ranch"},"image":{"@id":"https:\/\/www.wurzel-ranch.de\/wrhome\/#\/schema\/logo\/image\/"},"sameAs":["https:\/\/www.instagram.com\/wurzelranch"]}]}},"_links":{"self":[{"href":"https:\/\/www.wurzel-ranch.de\/wrhome\/wp-json\/wp\/v2\/pages\/4997","targetHints":{"allow":["GET"]}}],"collection":[{"href":"https:\/\/www.wurzel-ranch.de\/wrhome\/wp-json\/wp\/v2\/pages"}],"about":[{"href":"https:\/\/www.wurzel-ranch.de\/wrhome\/wp-json\/wp\/v2\/types\/page"}],"author":[{"embeddable":true,"href":"https:\/\/www.wurzel-ranch.de\/wrhome\/wp-json\/wp\/v2\/users\/3"}],"replies":[{"embeddable":true,"href":"https:\/\/www.wurzel-ranch.de\/wrhome\/wp-json\/wp\/v2\/comments?post=4997"}],"version-history":[{"count":0,"href":"https:\/\/www.wurzel-ranch.de\/wrhome\/wp-json\/wp\/v2\/pages\/4997\/revisions"}],"wp:attachment":[{"href":"https:\/\/www.wurzel-ranch.de\/wrhome\/wp-json\/wp\/v2\/media?parent=4997"}],"curies":[{"name":"wp","href":"https:\/\/api.w.org\/{rel}","templated":true}]}}